se -r = -98*d + 97*d. Is d composite?
False
Let u(w) = -6389*w - 1188. Is u(-5) composite?
False
Let n(p) = -p**2 - 10*p. Let x be n(-10). Suppose 5*w - 4 - 26 = x. Is (-3 + 15/w)*-422 a composite number?
False
Let d be (-1300)/(-40)*(184/(-5) + 0). Let o = 3538 + d. Is o a prime number?
False
Suppose 0 = -31*g + 28*g + 163182. Is g a composite number?
True
Let l be (-800)/(-45) - (-8)/36. Suppose -15*t + l*t - 144 = 0. Suppose -50*h + 254 = -t*h. Is h a composite number?
False
Let s(x) = -80*x + 3. Let f be s(1). Let w = -72 - f. Let k(h) = 2*h + 16. Is k(w) a composite number?
True
Let w(d) = 916*d - 30. Let t be w(3). Suppose -t = -5*g - g. Is g a composite number?
True
Suppose -40344*c + 40347*c - 71697 = 0. Is c a composite number?
False
Suppose 0 = -2*m - 2*c + 165840, -m - m - 4*c = -165836. Suppose 27*y = 41*y - m. Is y a composite number?
False
Is (-726)/(-2541) + (-1572891)/(-7) prime?
True
Suppose 4*c - 60404 = -10*x + 13*x, 5*x = 0. Is c prime?
True
Let q = -33100 - -54827. Is q composite?
False
Let v be (-94)/30 + 3 + 215/(-75). Let u be (-9)/(-1) + (-2 - v - 0). Is ((-62)/6)/(u/(-1110)) a prime number?
False
Suppose 6*b - 4*b + 2*v = 0, -b - 12 = 5*v. Suppose b*o - i - 2*i - 21 = 0, o = -3*i + 7. Let g(u) = 5*u**3 - 16*u**2 - 5*u + 15. Is g(o) composite?
False
Let x be 21/18 - 1 - 17/(-6). Suppose 6 = -4*j - 10, 0 = -2*m - x*j + 9914. Is m a prime number?
False
Suppose 3*r - 5*u - 17 = 5*r, 0 = -5*r - 4*u. Suppose 0 = -r*m + 4*g + 1648, -5*m = -g + 716 - 2756. Is m a composite number?
True
Let w = -20 - -26. Suppose -w*n = -5*n + 1. Is -1 + (-4 - n) + 195 a prime number?
True
Let d(f) = 13*f**2 + 161*f + 233. Is d(82) a composite number?
False
Suppose -3*g = 17 - 11. Let p be 3/(-1) + (-14)/g + 0. Suppose 0 = p*v + 6*v - 530. Is v a composite number?
False
Suppose -12*c + 22306 = 4138. Suppose 12*x = -c + 36710. Is x a composite number?
True
Let m = 778969 + -457376. Is m composite?
False
Let w(i) = 178*i + 13. Let n(r) = -89*r - 6. Let s(o) = 9*n(o) + 4*w(o). Suppose -133*l = -69*l + 12 + 308. Is s(l) composite?
False
Suppose -10*w + 213183 = -63487. Is w a prime number?
False
Suppose 0 = 3*d - q - 19003, -d + 5*q + 6345 = 2*q. Let i be -3 - d*(-8)/12. Suppose 5*o - 3*k + 301 = 5621, 4*o + 5*k = i. Is o a prime number?
True
Let p(w) = -992*w**3 - 19*w**2 - 18*w + 16. Is p(-7) composite?
False
Suppose 0*r = -3*r - r. Suppose 2*o = -5*i + 1353 + 636, -5*i + o + 1983 = r. Suppose -h + 582 = 4*t, -i = -3*t - 2*h + 42. Is t composite?
True
Let p(o) = 11*o - 36. Suppose 5*u = b + 55, -7*b - 11 = -u - 3*b. Let n be p(u). Suppose 0 = -2*r + n + 13. Is r a composite number?
True
Let x = 312 + -312. Suppose -167*i + 166*i + 40731 = x. Is i composite?
True
Suppose -n + 9*z - 5*z + 25 = 0, -15 = -4*n - z. Suppose -4*t - 3*i = -2*i - 59880, t - 14989 = -n*i. Is t composite?
False
Suppose 2*b + 5 + 15 = 2*y, -45 = -3*y - 2*b. Let z be (-2 + 2832)*18/9. Suppose 9*u - y*u + z = 0. Is u a composite number?
True
Suppose 1 = s - 4*l - 2, 5*s - 2*l - 15 = 0. Suppose 2*p + 516 = b, -b = -s*b - 2*p + 1026. Is b prime?
False
Let z(u) be the second derivative of -u**5/10 - 5*u**4/4 - 19*u**2/2 + 2*u. Let o = -18 + 6. Is z(o) prime?
True
Let h = 943107 - 54808. Is h composite?
True
Let a be (14/3)/((-3)/((-54)/(-4))). Let w = 23 + a. Suppose 5*h + 4*f = w*f + 361, 2*h = -2*f + 148. Is h composite?
False
Let c be ((-42)/28)/(3/4). Is (-1 + c)/(27/(-6759)) composite?
False
Let z = -188 - -191. Suppose 0 = i + z, 0 = -2*c + i - 0*i + 5921. Is c a prime number?
False
Suppose 0 = 25*u - 30*u + 10. Suppose 44030 + 15989 = 3*g - u*a, -3*g + 5*a + 60025 = 0. Is g prime?
False
Let g be (-314)/(-4) - (-3)/(-6). Suppose 6*v - 690 = -g. Suppose -v - 261 = -3*p. Is p composite?
True
Let w(f) = f**3 - 4*f**2 - f - 1. Let z be w(4). Let a be z*(-2)/15*3. Suppose -2*q = 0, -2522 = a*v - 4*v - 2*q. Is v prime?
False
Let l be ((-2)/(-1))/(0 - 2). Is ((-1)/(-2) + l)/(63/(-219114)) composite?
True
Let o = 2779 - 1748. Is o prime?
True
Let r be ((-3)/18*482)/(1/3). Let f = 308 + r. Is f a composite number?
False
Suppose 21938 = 2*c - 5*w, -32953 = -3*c - 5*w + w. Is c prime?
True
Suppose 4*s - q + 44 = -0*q, -s - 4*q - 11 = 0. Is (2 - 3) + (2531 - (8 + s)) a composite number?
True
Suppose 3*m - 2 = 10, -5*t = 3*m - 32. Suppose -c - 5 = t*c. Is (-4 - -2 - 885)*c a composite number?
False
Let v(h) = 163*h**3 + 2*h**2 - 2*h + 2. Let p be v(2). Let y = -46 + 67. Suppose -26*g = -y*g - p. Is g a composite number?
True
Suppose -5*p - 5*l + 4*l + 15 = 0, 0 = -3*p - l + 9. Suppose w + p*z = 20101, w - 3*z - 17692 - 2385 = 0. Is w composite?
False
Let f be (2/5 - -2) + (-2)/5. Let z(k) = -4 - 2*k**3 - k**f + 6*k**2 + 7 + 17*k**3 - k. Is z(4) a composite number?
False
Let q = -122478 + 360095. Is q a prime number?
False
Let n be (14 - -4)*(4/18 - 0). Suppose n*i - 25408 = -4*x, 8*x - i = 11*x - 19058. Is x prime?
True
Suppose 5*u = -41 - 174. Let z = -41 - u. Is 1690 + (-3 + 5)*z - 1 a prime number?
True
Let r(w) = 1311*w + 151471. Is r(0) a composite number?
False
Suppose 4*q = -4*j + 28, 3*j + 23 = 4*j + 5*q. Let f be -3 - (j + -372 - 3). Suppose 5*d = -25, -4*r - f = d - 1688. Is r prime?
True
Let o(j) = -j**3 + 6*j**2 + 3*j - 44. Let n be o(6). Is 23890/26 - (56/n + 2) composite?
False
Let u = -796 + 799. Suppose u*o + 5*t = 4740, -2*t = -12*o + 8*o + 6346. Is o a prime number?
False
Let i(o) = 31*o**2 + 113*o - 1471. Is i(26) composite?
True
Suppose -4*y = -5*m + 9985, 14*m = 11*m - 3*y + 5991. Let c = 3212 + m. Is c a prime number?
True
Let t(z) = z**3 + 9*z**2 - 16*z - 65. Let r be (-96)/(-9)*(-15)/(-10). Is t(r) a prime number?
True
Let n(h) = 2*h**2 + h. Let m(x) = 86*x**2 + 21*x - 7. Let s(w) = m(w) - 5*n(w). Is s(7) composite?
True
Let v(a) = -a**2 + 4*a - 27627. Let l be v(0). Let b = l + 46520. Is b composite?
True
Let y(w) = 27*w**2 + 11*w + 9. Let b be -4 - ((-69)/7 - 12/84). Let z be (-12)/(-27)*b*-3. Is y(z) a prime number?
False
Suppose -464 = d - 5*d. Let t = 432 + -399. Suppose m + t = d. Is m composite?
False
Is 1/((-5)/15) + 311450 a prime number?
True
Suppose -8*k = 767 - 799. Suppose -i + 2492 = k*i - 3*x, 5*x = -4*i + 2001. Is i prime?
True
Let c(f) = f**3 + 6*f**2 - 6. Let a be c(-6). Let l be 4/a - 88/12. Is (l/(-2) + -3074)/(-2) composite?
True
Suppose 0 = -9*i + 5*i + 65560 + 208716. Is i prime?
False
Let x(t) = -6*t + 3. Let k be x(-1). Let v = 12 - k. Suppose 4*u - 321 = -0*q - 3*q, -q + 102 = v*u. Is q composite?
True
Let l(j) = -2*j + 1. Let a be l(-2). Let y = a - 3. Suppose y*f + 2*f = 20612. Is f composite?
False
Let h(c) be the second derivative of -193*c**5/10 + c**4/6 - 5*c**3/3 - 29*c**2/2 + 4*c + 1. Is h(-3) a prime number?
False
Suppose -2*y - 3*y + j = -111, -3*j = 2*y - 58. Let i = 27 - y. Suppose 0 = -2*d + i, 2*t - 3*d - 133 - 363 = 0. Is t a prime number?
True
Suppose 237*b + 4*y = 233*b + 278140, -2*b = -3*y - 139090. Is b a composite number?
False
Let z(x) = -34848*x**3 - 12*x**2 - 16*x - 43. Is z(-3) a prime number?
False
Suppose -5*a - 24 + 129 = 0. Suppose -a*q + 108300 = -11421. Is q a prime number?
True
Let s(d) = 880*d**2 + 319*d + 209. Is s(-42) composite?
True
Let s be 0/(-1) - 90*3. Let f be (2 + 4 + -7)*((-3556)/7)/(-4). Let n = f - s. Is n a composite number?
True
Let i(j) = 3*j - 9. Let o be i(4). Suppose -2*r + 14 = -o*x, -4*r + x - 2 = -5*r. Suppose 0 = -4*u - r*v + 1996, 495 = u + 4*v - 2*v. Is u a prime number?
True
Let u = 25 + 64. Let h = -56 + u. Let s = h + 20. Is s prime?
True
Is 2/(-3)*((-2)/(12/81837) - -3) a composite number?
False
Let p be 4 + -6 + (-13312)/(-1). Suppose -9*j + 19*j = -p. Let v = -682 - j. Is v a prime number?
False
Is 27/(-6)*111712/(-48) composite?
True
Let i be (528/42)/((-2)/(-7)). Suppose i*r - 35*r - 70029 = 0. Is r composite?
True
Let v = -45061 + 71292. Is v prime?
False
Suppose 0 = 9*v - 3*v - 4296. Suppose -v - 222 = -p. Let u = -436 + p. Is u a composite number?
True
Let i = -69 - -41. Let k be 52/(-6) - 24/72. Let l = k - i. Is l composite?
False
Suppose 8*z - 4850 = -17*z. Is (-1240)/(-20)*z/4 composite?
True
Let s(m) = -1 - 121*m - 1 + 0. Let o be s(2). Let y = o - -365. Is y a composite number?
True
Suppose 3*r + 17*r = 80. Suppose 0 = -r*q - 12, -3*n - 3*q + 7935 = n. Is n/